2*a - 19. What is s(-4)?
-27
Let q(m) = -23*m + 33. Determine q(3).
-36
Let h(d) = -3*d**2 - 7*d + 17. Calculate h(-7).
-81
Let q(r) = -r**3 - 4*r**2 + 18*r + 3. What is q(-5)?
-62
Let m(n) = -5*n**2 + 61*n + 126. Calculate m(-2).
-16
Let t(v) = -v**2 + 4*v + 33. Give t(8).
1
Let w(g) = 3*g + 4. Determine w(-5).
-11
Let f(h) = -h**2 - 15*h + 8. Calculate f(-14).
22
Let f(d) = -3*d + 4. Determine f(3).
-5
Let t(l) = -l**2 - l + 12. What is t(-5)?
-8
Let w(b) = 2*b**3 - 9*b**2 + 7. Calculate w(6).
115
Let p(r) = -2*r. Give p(3).
-6
Let s(a) = -33*a + 10. Determine s(0).
10
Let d(l) = -5*l - 31. What is d(-14)?
39
Let q(x) = -5*x - 36. What is q(-6)?
-6
Let j(v) = v**3 + 2*v**2 - 4*v - 1. What is j(2)?
7
Let n(j) = -j**3 - 9*j**2 - 2*j - 10. Give n(-9).
8
Let a(i) = i**2 - 3*i - 2. Calculate a(-5).
38
Let u(a) = -3*a - 130. Determine u(-29).
-43
Let d(g) = g**2 + 10*g - 3. Give d(-10).
-3
Let c(v) = 10*v + 4. Calculate c(-3).
-26
Let i(r) = 2*r**2 - 5*r - 13. Calculate i(6).
29
Let f(t) = 9*t - 184. Determine f(19).
-13
Let v(f) = -7*f + 145. What is v(22)?
-9
Let i(l) = 2*l**2 + 7*l + 6. What is i(-5)?
21
Let t(m) = -m**3 - 8*m**2 + 11*m - 11. Determine t(-9).
-29
Let m(r) = r**2 + 2*r + 5. Calculate m(0).
5
Let s(l) = l**3 - 7*l**2 - 4*l + 8. Give s(6).
-52
Let p(n) = 47*n - 1592. Calculate p(34).
6
Let p(j) = -5*j + 24. Give p(4).
4
Let w(v) = 7*v - 26. Determine w(4).
2
Let a(q) = -q**3 - q**2 + 3*q - 5. Determine a(2).
-11
Let c(v) = v**3 + 6*v**2 + 3*v - 19. Give c(-6).
-37
Let s(t) = 2*t + 14. Calculate s(-16).
-18
Let r(a) = -a**2 + 21*a - 6. Calculate r(10).
104
Let o(q) = q**3 - 12*q**2 - 14*q - 4. What is o(13)?
-17
Let d(m) = -5*m**2 - 25*m - 3. Give d(-5).
-3
Let a(i) = -i**2 - 4*i + 90. Give a(8).
-6
Let a(d) = 5*d**3 + 68*d**2 + 41*d + 19. What is a(-13)?
-7
Let u(i) = i**2 + i + 5. What is u(-6)?
35
Let u(k) = -k**3 - 11*k**2 - 10*k + 7. Determine u(-10).
7
Let h(p) = -p**3 - 6*p**2 + 4*p + 1. Calculate h(-3).
-38
Let w(z) = z**3 - z**2 - 11*z + 11. Determine w(3).
-4
Let p(t) = 3*t - 7. Determine p(4).
5
Let s(y) = y**2 + 9*y - 20. Determine s(2).
2
Let x(l) = 19*l**2 - 1. Determine x(-1).
18
Let i(b) = -b**2 + 11*b - 10. What is i(13)?
-36
Let x(d) = -d**3 - 2*d**2 + 7*d - 4. Determine x(-6).
98
Let r(q) = 3*q - 8. Determine r(1).
-5
Let t(p) = -p**3 - 5*p**2 + p - 1. Calculate t(-5).
-6
Let f(y) = 27*y + 280. What is f(-10)?
10
Let o(c) = c**2 + c - 32. Determine o(-11).
78
Let i(l) = -l**2 - 4*l - 8. Determine i(-5).
-13
Let b(x) = -x**2 - 15*x + 2. What is b(-14)?
16
Let k(r) = -2*r**3 - 2*r**2 - 6*r - 12. Determine k(-3).
42
Let a(y) = -y. Give a(1).
-1
Let u(i) = i**3 + 8*i**2 + 4*i + 16. Give u(-7).
37
Let h(y) = y**3 - 15*y**2 + 8*y + 71. Determine h(14).
-13
Let l(h) = h**3 - 5*h**2 + 7*h - 10. Calculate l(5).
25
Let o(y) = -y**2 + 5*y + 10. What is o(6)?
4
Let h(q) = q - 9. Give h(11).
2
Let h(q) = -q**3 + q**2 - 2*q + 12. What is h(0)?
12
Let i(m) = m**2 - 16*m + 41. Determine i(13).
2
Let l(u) = -u**3 - 5*u**2 - 10*u - 19. What is l(-4)?
5
Let g(y) = -y**2 + 14*y - 34. Determine g(11).
-1
Let n(y) = -4*y**3 + 5*y**2 - 4*y - 3. What is n(3)?
-78
Let i(b) = -b**2 + b - 3. Determine i(0).
-3
Let i(g) = -g + 11. Give i(17).
-6
Let k(v) = v**3 + 2*v**2 - 2*v - 1. Determine k(1).
0
Let v(z) = -5*z**2 + 3*z. Calculate v(1).
-2
Let y(b) = -b + 10. What is y(13)?
-3
Let l(v) = 14*v + 11. What is l(-2)?
-17
Let p(c) = 2*c - 4. What is p(-4)?
-12
Let p(f) = 4*f + 5. Give p(13).
57
Let y(p) = -2*p**3 + 3*p**2 - 2*p - 4. Determine y(3).
-37
Let q(d) = d**2 + 8*d + 12. Give q(-6).
0
Let x(z) = -z**2 - z + 21. What is x(5)?
-9
Let d(c) = -c**2 - 7*c + 16. Give d(5).
-44
Let i(z) = -z**3 - 5*z**2 - z + 6. Determine i(-4).
-6
Let o(y) = -3*y**2 - 12*y - 6. Give o(-4).
-6
Let q(d) = d**2 - d + 3. What is q(2)?
5
Let h(x) = -x**3 - 5*x**2 - 2*x - 2. Determine h(-3).
-14
Let h(u) = u**3 + 11*u**2 - 31*u - 4. Calculate h(-14).
-158
Let f(w) = -2*w**2 + 3. Determine f(4).
-29
Let t(p) = -26*p - 1. Give t(-1).
25
Let r(j) = -33*j**2 - 168*j - 9. What is r(-5)?
6
Let r(n) = n**3 + 2*n**2 + n + 101. Calculate r(0).
101
Let a(l) = l**3 + 16*l**2 + 4*l + 53. Give a(-16).
-11
Let q(b) = -b**3 + 3*b**2 + 7*b - 7. Give q(4).
5
Let p(d) = d**3 + 18*d**2 + 18*d + 13. Give p(-17).
-4
Let s(v) = 2*v**3 - 13*v**2 + 10*v - 13. Determine s(5).
-38
Let x(g) = -14*g**3 - 2*g**2 - 2*g - 1. Give x(-1).
13
Let z(i) = 4*i + 31. Determine z(-17).
-37
Let c(z) = -z - 26. What is c(-20)?
-6
Let m(k) = -3*k - 10. Calculate m(-3).
-1
Let v(s) = -20*s - 5. Give v(7).
-145
Let z(t) = 26*t**2 - 1. Determine z(-1).
25
Let m(h) = -h**3 - 9*h**2 + 2*h + 66. Give m(-8).
-14
Let i(u) = -u**3 - 8*u**2 - 6*u - 2. Give i(-6).
-38
Let d(w) = 2*w**3 - 11*w**2 + 6*w - 1. Give d(5).
4
Let m(g) = 2*g**2 + 10*g - 10. Determine m(-7).
18
Let f(a) = a**3 - 4*a**2 - 5*a + 2. Determine f(5).
2
Let i(z) = 19*z + 136. What is i(-7)?
3
Let f(g) = -6*g + 2. Calculate f(5).
-28
Let d(u) = u**3 + 6*u**2 + u - 10. Give d(-7).
-66
Let p(b) = 16*b - 242. Give p(15).
-2
Let i(n) = 2*n**3 - 9*n**2 + 8. Give i(4).
-8
Let l(z) = -z**2 - 16*z + 52. Calculate l(-18).
16
Let w(x) = 13*x + 50. Give w(-4).
-2
Let u(q) = -2*q**2 + 18*q + 5. Determine u(10).
-15
Let j(w) = 107*w**2 + 4*w - 3. Calculate j(1).
108
Let g(j) = 15*j - 5. What is g(4)?
55
Let f(s) = -s**2 + 13*s - 25. Determine f(11).
-3
Let s(j) = j**3 + 9*j**2 - 3*j - 5. Calculate s(-9).
22
Let b(d) = 6*d - 22. Determine b(13).
56
Let v(t) = -t**3 - 20*t**2 + 21*t + 20. Calculate v(-21).
20
Let c(l) = l**2 + 4*l - 4. Give c(-5).
1
Let i(g) = g**2 - 2*g - 1. Give i(-1).
2
Let f(y) = y - 12. Give f(10).
-2
Let z(l) = -4*l - 2. Determine z(-11).
42
Let u(v) = -5*v**2 + v + 7. Give u(3).
-35
Let m(s) = 6*s**3 + 2*s**2 - s. Determine m(-1).
-3
Let j(u) = -u**2 + 3*u - 11. What is j(6)?
-29
Let y(m) = 17*m - 2. Calculate y(-2).
-36
Let o(p) = p**2 + p - 18. Determine o(0).
-18
Let v(r) = -11*r - 4. Determine v(-3).
29
Let v(f) = -f**3 - f**2 + 3*f - 1. Determine v(-4).
35
Let u(p) = -p**3 - 6*p**2 + 4. Determine u(-6).
4
Let g(x) = -2*x**2 - 7*x + 3. What is g(-7)?
-46
Let p(r) = -r - 33. Give p(-10).
-23
Let g(b) = -2*b**3 - 2*b**2 + 2*b + 1. Calculate g(2).
-19
Let c(j) = -j**2 + 10*j - 10. Calculate c(10).
-10
Let x(o) = o**3 + 6*o**2 + 5. Determine x(-6).
5
Let j(w) = -4*w - 68. Calculate j(-17).
0
Let n(u) = u**3 - 2*u**2 - 9*u + 1. Calculate n(4).
-3
Let t(d) = -d**2 - 13*d + 5. Determine t(-4).
41
Let s(f) = f**3 + 6*f**2 - 8*f - 6. Give s(-7).
1
Let w(q) = -q + 16. Give w(13).
3
Let w(h) = -h**3 - 7*h**2 - 5*h - 9. Calculate w(-6).
-15
Let a(o) = -o**3 + 14*o**2 - 12*o - 12. Calculate a(13).
1
Let l(m) = -2*m**2 - 16*m + 22. Give l(-7).
36
Let d(s) = s**3 + 10*s**2 + 9*s + 1. Give d(-9).
1
Let t(b) = b**2 + 17*b + 12. Give t(-13).
-40
Let l(h) = -h**3 - h + 16. What is l(0)?
16
Let a(s) = -3*s**3 + s + 1. Calculate a(-2).
23
Let z(h) = -17*h - 274. What is z(-16)?
-2
Let k(j) = -j**3 + 7*j**2 + 20*j - 10. Calculate k(9).
8
Let q(c) = c**2 - 3*c + 14. What is q(4)?
18
Let q(s) = -2*s + 11. What is q(5)?
1
Let c(b) = -b**2 + 10*b - 34. What is c(5)?
-9
Let z(b) = b**3 - 21*b**2 + 23*b - 70. Determine z(20).
-10
Let y(x) = 8*x - 15. What is y(2)?
1
Let v(z) = 4*z - 1. What is v(8)?
31
Let m(z) = z + 1. What is m(-5)?
-4
Let i(l) = l**3 + 38*l**2 + 138*l + 6. Give i(-4).
-2
Let s(j) = j**3 - 14*j**2 + 36*j - 303. Calculate s(13).
-4
Let p(a) = -4*a**2 - 11*a - 4. What is p(-3)?
-7
Let z(a) = 2*a**3 + a**2 + 2*a + 1. Determine z(-2).
-15
Let k(v) = -v**2 - 4. What is k(0)?
-4
Let u(k) = k**3 + 13*k**2 + 13*k. What is u(-12)?
-12
Let w(f) = -f**3 + 7*f**2 - 7*f + 8. Determine w(6).
2
Let x(r) = -r**3 + 17*r**2 + 16*r + 39. What is x(18)?
3
Let i(d) = -d**3 + 13*d**2 + 15*d - 15. Determine i(14).
-1
Let q(b) = -b**2 - 2*b + 14. Determine q(-4).
6
Let f(o) = -86*o + 1299. What is f(15)?
9
Let m(x) = 61*x - 485. Calculate m(8).
3
Let w(d) = d**2 + 6*d - 3. What is w(-5)?
-8
Let d(b) = -2*b + 97. Calculate d(28).
41
Let a(p) = -p**3 + 13*p**2 - 17*p + 19. Give a(12).
-41
Let y(x) = -2*x**2 - x - 1. What is y(-3)?
-16
Let q(i) = -i**3 + 6*i**2 - 13*i + 20. Give q(4).
0
Let n(y) = -10*y + 3. Calculate n(3).
-27
Let j(s) = 11*s - 60. What is j(6)?
